{"id":465,"date":"2021-06-25T10:21:45","date_gmt":"2021-06-25T08:21:45","guid":{"rendered":"http:\/\/goldschmiede-kernschmelze.de\/?page_id=465"},"modified":"2021-09-28T10:55:16","modified_gmt":"2021-09-28T08:55:16","slug":"cad-und-cgi","status":"publish","type":"page","link":"https:\/\/goldschmiede-kernschmelze.de\/?page_id=465","title":{"rendered":"CAD und CGI"},"content":{"rendered":"\n<p class=\"has-text-align-center\"><strong>Erweiterte Design-M\u00f6glichkeiten f\u00fcr die<\/strong> <strong>Goldschmiedekunst im 21. Jahrhundert<\/strong><\/p>\n\n\n\n<div class=\"wp-block-image\"><figure class=\"aligncenter size-large\"><img loading=\"lazy\" decoding=\"async\" width=\"960\" height=\"540\" src=\"https:\/\/goldschmiede-kernschmelze.de\/wp-content\/uploads\/0001.gif\" alt=\"\" class=\"wp-image-502\"\/><\/figure><\/div>\n\n\n\n<p>Ganz im Sinne eines seit jeher erfindungsreichen Goldschmiedehandwerks werden in der KernSchmelze auch digitale Technologien genutzt. Denn rechnerunterst\u00fctztes Design (CAD, engl.: Computer-aided Design) sowie animierte 3D-Grafiken und Animationen (CGI, engl.: Computer-generated Imagery) erm\u00f6glichen bei der Planung von Schmuckst\u00fccken gr\u00f6\u00dftm\u00f6gliche Gestaltungsfreiheit, Anschaulichkeit und Pr\u00e4zision.<\/p>\n\n\n\n<p>Wie das genau abl\u00e4uft, wenn Sie sich von mir ein virtuell entworfenes, individuelles Schmuckst\u00fcck anfertigen lassen, zeigen die folgenden Schritte. In der Goldschmiedestadt Hanau und dar\u00fcber hinaus k\u00f6nnen mich Kolleg*innen gerne auch auf <a href=\"https:\/\/goldschmiede-kernschmelze.de\/?page_id=15\" data-type=\"page\" data-id=\"15\">CAD &amp; CGI Einzelleistungen ansprechen<\/a>. <\/p>\n\n\n\n<div class=\"wp-block-columns is-layout-flex wp-container-core-columns-is-layout-1 wp-block-columns-is-layout-flex\">\n<div class=\"wp-block-column is-layout-flow wp-block-column-is-layout-flow\">\n<p><strong>1. Smarte Ideenentwicklung<\/strong><\/p>\n\n\n\n<figure class=\"wp-block-gallery columns-1 is-cropped wp-block-gallery-1 is-layout-flex wp-block-gallery-is-layout-flex\"><ul class=\"blocks-gallery-grid\"><li class=\"blocks-gallery-item\"><figure><img loading=\"lazy\" decoding=\"async\" width=\"1024\" height=\"576\" src=\"https:\/\/goldschmiede-kernschmelze.de\/wp-content\/uploads\/SandmanKatze-Verlobungsringkollektion2-1024x576.png\" alt=\"\" data-id=\"608\" class=\"wp-image-608\" srcset=\"https:\/\/goldschmiede-kernschmelze.de\/wp-content\/uploads\/SandmanKatze-Verlobungsringkollektion2-1024x576.png 1024w, https:\/\/goldschmiede-kernschmelze.de\/wp-content\/uploads\/SandmanKatze-Verlobungsringkollektion2-300x169.png 300w, https:\/\/goldschmiede-kernschmelze.de\/wp-content\/uploads\/SandmanKatze-Verlobungsringkollektion2-768x432.png 768w, https:\/\/goldschmiede-kernschmelze.de\/wp-content\/uploads\/SandmanKatze-Verlobungsringkollektion2-1536x864.png 1536w, https:\/\/goldschmiede-kernschmelze.de\/wp-content\/uploads\/SandmanKatze-Verlobungsringkollektion2.png 1920w\" sizes=\"auto, (max-width: 1024px) 100vw, 1024px\" \/><figcaption class=\"blocks-gallery-item__caption\">Gestaltungs-Variationen<\/figcaption><\/figure><\/li><\/ul><\/figure>\n<\/div>\n\n\n\n<div class=\"wp-block-column is-layout-flow wp-block-column-is-layout-flow\">\n<p>Am Anfang steht die Idee f\u00fcr ein Schmuckst\u00fcck \u2013 zum Beispiel in Form einer groben oder schon ausgearbeiteten Skizze, inspiriert von Fotos und anderen Bildern, oder eben einfach nur eine Idee. Dabei kann es um organische, fig\u00fcrliche, geometrische, technische, klassisch ornamentale oder v\u00f6llig abstrakte Formen gehen. Mithilfe innovativer Software lassen sich schnell und zielsicher fotorealistische, r\u00e4umlich rotierbare Entw\u00fcrfe erstellen \u2013 sowohl f\u00fcr gegossene als auch konstruierte Objekte.<\/p>\n\n\n\n<p>Um sicherzustellen, dass das Endergebnis Ihren Vorstellungen entspricht, sind w\u00e4hrend des Designprozesses diverse Varianten des Schulterblicks m\u00f6glich: gemeinsam beratend am Bildschirm, in Form einer per E-Mail zugeschickten Bilddatei oder anhand eines greifbaren, 3D-gedruckten Prototypen.<\/p>\n<\/div>\n<\/div>\n\n\n\n<p>Der fertige Designentwurf ist als Datei flexibel f\u00fcr unterschiedlichste Formate (zum Beispiel .jpg, .png, .blend, .obj, .stl) verf\u00fcgbar. Er liefert die Grundlage f\u00fcr die weitere handwerkliche Umsetzung \u2013 und eignet sich hervorragend, um Schmuckst\u00fccke in der Kundenberatung von allen Seiten zu visualisieren.<\/p>\n\n\n\n<div class=\"wp-block-columns are-vertically-aligned-center is-layout-flex wp-container-core-columns-is-layout-2 wp-block-columns-is-layout-flex\">\n<div class=\"wp-block-column is-vertically-aligned-center is-layout-flow wp-block-column-is-layout-flow\">\n<p><strong>2. Traditionelle Anfertigung<\/strong><\/p>\n\n\n\n<p>F\u00fcr konstruierte Objekte liegen die Vorteile einer digitalen 3D-Vorlage vor allem in der Vorhersehbarkeit und der absoluten Genauigkeit der Ma\u00dfe. Bei gegossenem Schmuck ist das Verfahren der manuellen Modellage klar \u00fcberlegen. Zum einen, weil damit eine wesentlich pr\u00e4zisere und komplexere Formgebung m\u00f6glich ist. Zum anderen, weil Wachsmodelle beliebig oft exakt reproduzierbar werden.<\/p>\n\n\n\n<p>Nach all dem Hightech wird der Guss nach wie vor <a rel=\"noreferrer noopener\" href=\"https:\/\/de.wikipedia.org\/wiki\/Verlorene_Form\" target=\"_blank\">mit der jahrtausendealten Methode der verlorenen Form<\/a> realisiert. Hierf\u00fcr wird das 3D-Modell zuerst in eine Gussform eingebettet und dann das Modell ausgeschmolzen. Der entstandene Hohlraum wird dann mit dem gew\u00fcnschten Material ausgef\u00fcllt. Zum Gie\u00dfen von Schmuck sind alle g\u00e4ngigen Edelmetalllegierungen nutzbar (zum Beispiel Gold, Silber, Platin oder Palladium). Nach dem Erstarren des Metalls wird die Gussform behutsam zerbrochen und entfernt.<\/p>\n<\/div>\n\n\n\n<div class=\"wp-block-column is-vertically-aligned-center is-layout-flow wp-block-column-is-layout-flow\">\n<figure class=\"wp-block-gallery columns-1 is-cropped wp-block-gallery-2 is-layout-flex wp-block-gallery-is-layout-flex\"><ul class=\"blocks-gallery-grid\"><li class=\"blocks-gallery-item\"><figure><img loading=\"lazy\" decoding=\"async\" width=\"540\" height=\"540\" src=\"https:\/\/goldschmiede-kernschmelze.de\/wp-content\/uploads\/0001-1.gif\" alt=\"\" data-id=\"587\" class=\"wp-image-587\"\/><figcaption class=\"blocks-gallery-item__caption\">Optimale Passgenauigkeit bei mehrteiligen G\u00fcssen<\/figcaption><\/figure><\/li><\/ul><\/figure>\n<\/div>\n<\/div>\n\n\n\n<div class=\"wp-block-columns is-layout-flex wp-container-core-columns-is-layout-3 wp-block-columns-is-layout-flex\">\n<div class=\"wp-block-column is-layout-flow wp-block-column-is-layout-flow\">\n<figure class=\"wp-block-jetpack-image-compare\"><div class=\"juxtapose\" data-mode=\"horizontal\"><img loading=\"lazy\" decoding=\"async\" id=\"617\" src=\"https:\/\/goldschmiede-kernschmelze.de\/wp-content\/uploads\/frog-mesh.jpg\" alt=\"\" width=\"1024\" height=\"688\" class=\"image-compare__image-before\"\/><img loading=\"lazy\" decoding=\"async\" id=\"618\" src=\"https:\/\/goldschmiede-kernschmelze.de\/wp-content\/uploads\/frog-finished.jpg\" alt=\"\" width=\"1024\" height=\"688\" class=\"image-compare__image-after\"\/><\/div><figcaption>CAD-Modell &lt;-> fertiges Schmuckst\u00fcck<\/figcaption><\/figure>\n<\/div>\n\n\n\n<div class=\"wp-block-column is-layout-flow wp-block-column-is-layout-flow\">\n<p><strong>3. Feingearbeitete Vervollkommnung<\/strong><\/p>\n\n\n\n<p>Je nach Art des Schmuckst\u00fccks sind noch weitere Arbeitsschritte zur Fertigstellung n\u00f6tig: Gussrohlinge werden vers\u00e4ubert, gefeilt, geschmirgelt und poliert. Mehrteilige G\u00fcsse werden f\u00fcr eine passgenaue Montage zusammengel\u00f6tet oder verschwei\u00dft. Optional lassen sich spezielle Oberfl\u00e4cheneffekte erzeugen, beispielsweise Mattierung oder Schw\u00e4rzen, um eine Tiefenoptik zu erzeugen. Desweiteren k\u00f6nnen nat\u00fcrlich Edelsteine oder andere Dekorobjekte eingefasst werden. Eben ganz, wie Sie es sich w\u00fcnschen!<\/p>\n<\/div>\n<\/div>\n\n\n\n<p>Haben Sie eine inspirierende Idee f\u00fcr ein individuelles Schmuckst\u00fcck und ben\u00f6tigen Beratung zur digitalen Planung oder handwerklichen Umsetzung? <a href=\"https:\/\/goldschmiede-kernschmelze.de\/?page_id=15\" data-type=\"page\" data-id=\"15\">Kontaktieren Sie mich einfach<\/a>.<\/p>\n\n\n\n<p class=\"has-text-align-center\"><a href=\"https:\/\/goldschmiede-kernschmelze.de\/\" data-type=\"page\" data-id=\"4\">Zur\u00fcck zur Hauptseite<\/a><\/p>\n\n\n\n<p><\/p>\n","protected":false},"excerpt":{"rendered":"<p>Erweiterte Design-M\u00f6glichkeiten f\u00fcr die Goldschmiedekunst im 21. Jahrhundert Ganz im Sinne eines seit jeher erfindungsreichen Goldschmiedehandwerks werden in der KernSchmelze<\/p>\n<p><a href=\"https:\/\/goldschmiede-kernschmelze.de\/?page_id=465\" class=\"more-link\">Continue reading<span class=\"screen-reader-text\">CAD und CGI<\/span><\/a><\/p>\n","protected":false},"author":1,"featured_media":0,"parent":9,"menu_order":3,"comment_status":"closed","ping_status":"closed","template":"","meta":{"footnotes":""},"class_list":["post-465","page","type-page","status-publish","hentry"],"_links":{"self":[{"href":"https:\/\/goldschmiede-kernschmelze.de\/index.php?rest_route=\/wp\/v2\/pages\/465","targetHints":{"allow":["GET"]}}],"collection":[{"href":"https:\/\/goldschmiede-kernschmelze.de\/index.php?rest_route=\/wp\/v2\/pages"}],"about":[{"href":"https:\/\/goldschmiede-kernschmelze.de\/index.php?rest_route=\/wp\/v2\/types\/page"}],"author":[{"embeddable":true,"href":"https:\/\/goldschmiede-kernschmelze.de\/index.php?rest_route=\/wp\/v2\/users\/1"}],"replies":[{"embeddable":true,"href":"https:\/\/goldschmiede-kernschmelze.de\/index.php?rest_route=%2Fwp%2Fv2%2Fcomments&post=465"}],"version-history":[{"count":35,"href":"https:\/\/goldschmiede-kernschmelze.de\/index.php?rest_route=\/wp\/v2\/pages\/465\/revisions"}],"predecessor-version":[{"id":620,"href":"https:\/\/goldschmiede-kernschmelze.de\/index.php?rest_route=\/wp\/v2\/pages\/465\/revisions\/620"}],"up":[{"embeddable":true,"href":"https:\/\/goldschmiede-kernschmelze.de\/index.php?rest_route=\/wp\/v2\/pages\/9"}],"wp:attachment":[{"href":"https:\/\/goldschmiede-kernschmelze.de\/index.php?rest_route=%2Fwp%2Fv2%2Fmedia&parent=465"}],"curies":[{"name":"wp","href":"https:\/\/api.w.org\/{rel}","templated":true}]}}